{"id":79,"date":"2023-11-02T09:31:56","date_gmt":"2023-11-02T09:31:56","guid":{"rendered":"http:\/\/dev.immo-contor.ch\/?page_id=79"},"modified":"2025-06-10T08:20:03","modified_gmt":"2025-06-10T08:20:03","slug":"kaufen-und-verkaufen","status":"publish","type":"page","link":"http:\/\/dev.immo-contor.ch\/index.php\/kaufen-und-verkaufen\/","title":{"rendered":"Kaufen und Verkaufen"},"content":{"rendered":"\t\t<div \nWarning: Increment on type bool has no effect, this will change in the next major version of PHP in \/home\/httpd\/vhosts\/immo-contor.ch\/dev.immo-contor.ch\/wp-content\/plugins\/elementor\/includes\/base\/controls-stack.php on line 741\ndata-elementor-type=\"wp-page\" data-elementor-id=\"79\" class=\"elementor elementor-79\">\n\t\t\t\t<div class=\"elementor-element elementor-element-8ba7676 e-flex e-con-boxed e-con e-parent\" data-id=\"8ba7676\" data-element_type=\"container\">\n\t\t\t\t\t<div class=\"e-con-inner\">\n\t\t\t\t<div class=\"elementor-element elementor-element-17712a0 elementor-widget elementor-widget-image\" data-id=\"17712a0\" data-element_type=\"widget\" data-widget_type=\"image.default\">\n\t\t\t\t<div class=\"elementor-widget-container\">\n\t\t\t\t\t\t\t\t\t\t\t\t\t\t\t<img fetchpriority=\"high\" decoding=\"async\" width=\"1280\" height=\"853\" src=\"http:\/\/dev.immo-contor.ch\/wp-content\/uploads\/2023\/10\/pexels-pixabay-280221-Kopie.jpg\" class=\"attachment-full size-full wp-image-41\" alt=\"\" srcset=\"http:\/\/dev.immo-contor.ch\/wp-content\/uploads\/2023\/10\/pexels-pixabay-280221-Kopie.jpg 1280w, http:\/\/dev.immo-contor.ch\/wp-content\/uploads\/2023\/10\/pexels-pixabay-280221-Kopie-300x200.jpg 300w, http:\/\/dev.immo-contor.ch\/wp-content\/uploads\/2023\/10\/pexels-pixabay-280221-Kopie-1024x682.jpg 1024w, http:\/\/dev.immo-contor.ch\/wp-content\/uploads\/2023\/10\/pexels-pixabay-280221-Kopie-768x512.jpg 768w\" sizes=\"(max-width: 1280px) 100vw, 1280px\" \/>\t\t\t\t\t\t\t\t\t\t\t\t\t\t\t<\/div>\n\t\t\t\t<\/div>\n\t\t\t\t<div class=\"elementor-element elementor-element-d3b96e7 elementor-widget elementor-widget-spacer\" data-id=\"d3b96e7\" data-element_type=\"widget\" data-widget_type=\"spacer.default\">\n\t\t\t\t<div class=\"elementor-widget-container\">\n\t\t\t\t\t\t\t<div class=\"elementor-spacer\">\n\t\t\t<div class=\"elementor-spacer-inner\"><\/div>\n\t\t<\/div>\n\t\t\t\t\t\t<\/div>\n\t\t\t\t<\/div>\n\t\t\t\t\t<\/div>\n\t\t\t\t<\/div>\n\t\t<div class=\"elementor-element elementor-element-b7d02c3 e-flex e-con-boxed e-con e-parent\" data-id=\"b7d02c3\" data-element_type=\"container\">\n\t\t\t\t\t<div class=\"e-con-inner\">\n\t\t<div class=\"elementor-element elementor-element-c3ae771 e-con-full e-flex e-con e-child\" data-id=\"c3ae771\" data-element_type=\"container\">\n\t\t\t\t<div class=\"elementor-element elementor-element-2373125 elementor-widget elementor-widget-heading\" data-id=\"2373125\" data-element_type=\"widget\" data-widget_type=\"heading.default\">\n\t\t\t\t<div class=\"elementor-widget-container\">\n\t\t\t\t\t<h2 class=\"elementor-heading-title elementor-size-default\">Kaufen und Verkaufen<\/h2>\t\t\t\t<\/div>\n\t\t\t\t<\/div>\n\t\t\t\t<div class=\"elementor-element elementor-element-2c27b43 elementor-widget elementor-widget-text-editor\" data-id=\"2c27b43\" data-element_type=\"widget\" data-widget_type=\"text-editor.default\">\n\t\t\t\t<div class=\"elementor-widget-container\">\n\t\t\t\t\t\t\t\t\t<p>Tr\u00e4umen Sie davon, Ihr eigenes Zuhause zu besitzen? M\u00f6chten Sie in eine neue Epoche des Wohnens eintauchen, wo Luxus, Qualit\u00e4t und Komfort Hand in Hand gehen? Dann sind Sie bei uns genau richtig! Immo-Contor AG, Ihr renommiertes Immobilienunternehmen, steht Ihnen mit seinem exklusiven Service zur Seite, um Ihren Traum vom perfekten Eigenheim Wirklichkeit werden zu lassen.<\/p><div class=\"page-wrapper\"><div class=\"uk-container inhalt-default\"><div class=\"uk-grid uk-grid-stack\"><div class=\"uk-width-expand@m uk-first-column\"><div class=\"uk-container\"><div class=\"uk-grid\"><div class=\"uk-width-expand@m\"><p>Gerne kaufen und verkaufen wir Ihre Liegenschaften. Auftr\u00e4ge von Privaten und institutionellen Anlegen sind ein Teil unseres Angebots. Wir verkaufen Grundst\u00fccke, Wohnungen, Einfamilienh\u00e4user, Mehrfamilienh\u00e4user, Wohn- und Gesch\u00e4ftsh\u00e4user sowie auch Gewerbeliegenschaften. Um einen Verkaufsprozess erfolgreich zu gestalten ben\u00f6tigt man Kenntnisse \u00fcber den Markt genauso wie Kenntnisse \u00fcber die Verk\u00e4uferschaft und K\u00e4uferschaft. Wir bieten unseren besten Service, damit Sie den besten Preis realisieren. Mit einer Mandats\u00fcbergabe an die Immo-Contor AG erhalten Sie Sicherheit im Verkaufsprozess.<\/p><\/div><\/div><\/div><\/div><\/div><\/div><\/div>\t\t\t\t\t\t\t\t<\/div>\n\t\t\t\t<\/div>\n\t\t\t\t<\/div>\n\t\t\t\t\t<\/div>\n\t\t\t\t<\/div>\n\t\t\t\t<\/div>\n\t\t","protected":false},"excerpt":{"rendered":"<p>Kaufen und Verkaufen Tr\u00e4umen Sie davon, Ihr eigenes Zuhause zu besitzen? M\u00f6chten Sie in eine neue Epoche des Wohnens eintauchen, wo Luxus, Qualit\u00e4t und Komfort Hand in Hand gehen? Dann sind Sie bei uns genau richtig! Immo-Contor AG, Ihr renommiertes Immobilienunternehmen, steht Ihnen mit seinem exklusiven Service zur Seite, um Ihren Traum vom perfekten Eigenheim [&hellip;]<\/p>\n","protected":false},"author":1,"featured_media":0,"parent":0,"menu_order":0,"comment_status":"closed","ping_status":"closed","template":"","meta":{"footnotes":""},"class_list":["post-79","page","type-page","status-publish","hentry"],"_links":{"self":[{"href":"http:\/\/dev.immo-contor.ch\/index.php\/wp-json\/wp\/v2\/pages\/79","targetHints":{"allow":["GET"]}}],"collection":[{"href":"http:\/\/dev.immo-contor.ch\/index.php\/wp-json\/wp\/v2\/pages"}],"about":[{"href":"http:\/\/dev.immo-contor.ch\/index.php\/wp-json\/wp\/v2\/types\/page"}],"author":[{"embeddable":true,"href":"http:\/\/dev.immo-contor.ch\/index.php\/wp-json\/wp\/v2\/users\/1"}],"replies":[{"embeddable":true,"href":"http:\/\/dev.immo-contor.ch\/index.php\/wp-json\/wp\/v2\/comments?post=79"}],"version-history":[{"count":19,"href":"http:\/\/dev.immo-contor.ch\/index.php\/wp-json\/wp\/v2\/pages\/79\/revisions"}],"predecessor-version":[{"id":381,"href":"http:\/\/dev.immo-contor.ch\/index.php\/wp-json\/wp\/v2\/pages\/79\/revisions\/381"}],"wp:attachment":[{"href":"http:\/\/dev.immo-contor.ch\/index.php\/wp-json\/wp\/v2\/media?parent=79"}],"curies":[{"name":"wp","href":"https:\/\/api.w.org\/{rel}","templated":true}]}}