{"id":90,"date":"2023-11-02T14:38:18","date_gmt":"2023-11-02T14:38:18","guid":{"rendered":"http:\/\/dev.immo-contor.ch\/?page_id=90"},"modified":"2025-06-10T08:35:26","modified_gmt":"2025-06-10T08:35:26","slug":"totalsanierung","status":"publish","type":"page","link":"http:\/\/dev.immo-contor.ch\/index.php\/totalsanierung\/","title":{"rendered":"Totalsanierung"},"content":{"rendered":"\t\t<div \nWarning: Increment on type bool has no effect, this will change in the next major version of PHP in \/home\/httpd\/vhosts\/immo-contor.ch\/dev.immo-contor.ch\/wp-content\/plugins\/elementor\/includes\/base\/controls-stack.php on line 741\ndata-elementor-type=\"wp-page\" data-elementor-id=\"90\" class=\"elementor elementor-90\">\n\t\t\t\t<div class=\"elementor-element elementor-element-863cfa5 e-flex e-con-boxed e-con e-parent\" data-id=\"863cfa5\" data-element_type=\"container\">\n\t\t\t\t\t<div class=\"e-con-inner\">\n\t\t\t\t<div class=\"elementor-element elementor-element-5c809e7 elementor-widget elementor-widget-image\" data-id=\"5c809e7\" data-element_type=\"widget\" data-widget_type=\"image.default\">\n\t\t\t\t<div class=\"elementor-widget-container\">\n\t\t\t\t\t\t\t\t\t\t\t\t\t\t\t<img fetchpriority=\"high\" decoding=\"async\" width=\"1920\" height=\"822\" src=\"http:\/\/dev.immo-contor.ch\/wp-content\/uploads\/2023\/11\/pexels-anete-lusina-4792498-e1747921095764.jpg\" class=\"attachment-full size-full wp-image-162\" alt=\"\" srcset=\"http:\/\/dev.immo-contor.ch\/wp-content\/uploads\/2023\/11\/pexels-anete-lusina-4792498-e1747921095764.jpg 1920w, http:\/\/dev.immo-contor.ch\/wp-content\/uploads\/2023\/11\/pexels-anete-lusina-4792498-e1747921095764-300x128.jpg 300w, http:\/\/dev.immo-contor.ch\/wp-content\/uploads\/2023\/11\/pexels-anete-lusina-4792498-e1747921095764-1024x438.jpg 1024w, http:\/\/dev.immo-contor.ch\/wp-content\/uploads\/2023\/11\/pexels-anete-lusina-4792498-e1747921095764-768x329.jpg 768w, http:\/\/dev.immo-contor.ch\/wp-content\/uploads\/2023\/11\/pexels-anete-lusina-4792498-e1747921095764-1536x658.jpg 1536w\" sizes=\"(max-width: 1920px) 100vw, 1920px\" \/>\t\t\t\t\t\t\t\t\t\t\t\t\t\t\t<\/div>\n\t\t\t\t<\/div>\n\t\t\t\t<div class=\"elementor-element elementor-element-69e3949 elementor-widget elementor-widget-spacer\" data-id=\"69e3949\" data-element_type=\"widget\" data-widget_type=\"spacer.default\">\n\t\t\t\t<div class=\"elementor-widget-container\">\n\t\t\t\t\t\t\t<div class=\"elementor-spacer\">\n\t\t\t<div class=\"elementor-spacer-inner\"><\/div>\n\t\t<\/div>\n\t\t\t\t\t\t<\/div>\n\t\t\t\t<\/div>\n\t\t\t\t\t<\/div>\n\t\t\t\t<\/div>\n\t\t<div class=\"elementor-element elementor-element-57409a5 e-flex e-con-boxed e-con e-parent\" data-id=\"57409a5\" data-element_type=\"container\">\n\t\t\t\t\t<div class=\"e-con-inner\">\n\t\t<div class=\"elementor-element elementor-element-de30c2b e-con-full e-flex e-con e-child\" data-id=\"de30c2b\" data-element_type=\"container\">\n\t\t\t\t<div class=\"elementor-element elementor-element-1f1c90f elementor-widget elementor-widget-heading\" data-id=\"1f1c90f\" data-element_type=\"widget\" data-widget_type=\"heading.default\">\n\t\t\t\t<div class=\"elementor-widget-container\">\n\t\t\t\t\t<h2 class=\"elementor-heading-title elementor-size-default\">Immo-Contor als Generalunternehmer oder Totalunternehmer<\/h2>\t\t\t\t<\/div>\n\t\t\t\t<\/div>\n\t\t\t\t<div class=\"elementor-element elementor-element-6284fb6 elementor-widget elementor-widget-text-editor\" data-id=\"6284fb6\" data-element_type=\"widget\" data-widget_type=\"text-editor.default\">\n\t\t\t\t<div class=\"elementor-widget-container\">\n\t\t\t\t\t\t\t\t\t<p>Wir bieten unsere Dienstleistungen auch als Sanierer an.<\/p><p>Anhand unserer langj\u00e4hrigen Erfahrung mit Alt- und Neubauten k\u00f6nnen wir Sie \u00fcber den Ist-Zustand Ihrer Immobilien detailliert beraten. Bei Bedarf erstellen wir Ihnen eine Gegen\u00fcberstellung s\u00e4mtlicher Kosten und Einnahmen f\u00fcr eine Totalsanierung. Hier lassen wir nicht nur energetische Kostenoptimierung einfliessen sondern berechnen Ihnen auch die F\u00f6rdergelder f\u00fcr energetische Verbesserungen Ihrer Liegenschaften mit ein. So haben Sie wirklich alle Fakten f\u00fcr eine fundierte Entscheidung. Wir bieten Ihnen Hand bei der Beratung und auch bei einer allf\u00e4lligen Totalsanierung.<\/p>\t\t\t\t\t\t\t\t<\/div>\n\t\t\t\t<\/div>\n\t\t\t\t<\/div>\n\t\t\t\t\t<\/div>\n\t\t\t\t<\/div>\n\t\t\t\t<\/div>\n\t\t","protected":false},"excerpt":{"rendered":"<p>Immo-Contor als Generalunternehmer oder Totalunternehmer Wir bieten unsere Dienstleistungen auch als Sanierer an. Anhand unserer langj\u00e4hrigen Erfahrung mit Alt- und Neubauten k\u00f6nnen wir Sie \u00fcber den Ist-Zustand Ihrer Immobilien detailliert beraten. Bei Bedarf erstellen wir Ihnen eine Gegen\u00fcberstellung s\u00e4mtlicher Kosten und Einnahmen f\u00fcr eine Totalsanierung. Hier lassen wir nicht nur energetische Kostenoptimierung einfliessen sondern berechnen [&hellip;]<\/p>\n","protected":false},"author":1,"featured_media":0,"parent":0,"menu_order":0,"comment_status":"closed","ping_status":"closed","template":"","meta":{"footnotes":""},"class_list":["post-90","page","type-page","status-publish","hentry"],"_links":{"self":[{"href":"http:\/\/dev.immo-contor.ch\/index.php\/wp-json\/wp\/v2\/pages\/90","targetHints":{"allow":["GET"]}}],"collection":[{"href":"http:\/\/dev.immo-contor.ch\/index.php\/wp-json\/wp\/v2\/pages"}],"about":[{"href":"http:\/\/dev.immo-contor.ch\/index.php\/wp-json\/wp\/v2\/types\/page"}],"author":[{"embeddable":true,"href":"http:\/\/dev.immo-contor.ch\/index.php\/wp-json\/wp\/v2\/users\/1"}],"replies":[{"embeddable":true,"href":"http:\/\/dev.immo-contor.ch\/index.php\/wp-json\/wp\/v2\/comments?post=90"}],"version-history":[{"count":19,"href":"http:\/\/dev.immo-contor.ch\/index.php\/wp-json\/wp\/v2\/pages\/90\/revisions"}],"predecessor-version":[{"id":395,"href":"http:\/\/dev.immo-contor.ch\/index.php\/wp-json\/wp\/v2\/pages\/90\/revisions\/395"}],"wp:attachment":[{"href":"http:\/\/dev.immo-contor.ch\/index.php\/wp-json\/wp\/v2\/media?parent=90"}],"curies":[{"name":"wp","href":"https:\/\/api.w.org\/{rel}","templated":true}]}}